) = r**2 + 10*r - 19. Let b be y(o). Suppose -2*d + b*p = -335, p + 3 = 4*p. What is the tens digit of d?
7
Let f be 15*(4 + -9 - -42). Let i = -216 + f. What is the units digit of i?
9
Let n(t) = t**3 + 5*t**2 + 2*t + 5. Let q be n(-4). Suppose -q = r - 12. What is the units digit of (-9)/(-30)*494 - r/(-5)?
8
Let s be 384/320 + 396/20. Let z be (-28)/3*(-3)/(-1). What is the tens digit of (-8)/z + 1821/s?
8
Let j = 22783 - 4660. What is the hundreds digit of j?
1
Suppose -22677 = -5*g - 1592. What is the units digit of g?
7
Let o(a) be the second derivative of -7/12*a**4 + 1/10*a**5 - 3*a**2 + 0 - 4/3*a**3 - 29*a. What is the tens digit of o(6)?
2
Let b be ((-6)/4)/(37/(-13542)). Let x = b + -312. What is the hundreds digit of x?
2
Let h be 2 + -2 - 194 - 4. Let i be (3/9)/(2/h). Let n = i - -63. What is the units digit of n?
0
Let w = -6 - -42. Suppose 13*r - 9*r = 412. Let b = w + r. What is the hundreds digit of b?
1
Suppose 0 = -8*k + 13*k + 25. What is the tens digit of (-1076)/k*10/4?
3
Let t(v) = -74*v**2 + 51*v - 17. Let j(w) = 37*w**2 - 25*w + 9. Let o(s) = 5*j(s) + 2*t(s). What is the units digit of o(5)?
1
Suppose 3*b - 8*b + 33 = -2*p, -2*b + p + 13 = 0. Let d(k) = -k**3 + 8*k**3 + 3 - 6*k**2 - 6*k**3 + 2*k + 0*k**3. What is the units digit of d(b)?
6
Let s(z) = z**3 + 2*z**2 + 14*z + 16. Let i be s(-5). Let m = -99 - i. Let a = m + 17. What is the tens digit of a?
4
Let u be (-8 - 8/(-4))*2. Let k be u/21 - 442/(-14). Suppose -4*l = -109 - k. What is the tens digit of l?
3
What is the ten thousands digit of (14 - 248/16)*(2 - (15617 + 3))?
2
Suppose -5*i + 15 = 2*h, 3*h = -0*h - 2*i - 5. What is the tens digit of 6 + (9*188 - (10 + h))?
9
Suppose -4*h - g = -1 - 6, -4*h + 2 = 2*g. Suppose -h*l = -5*l + 1582. What is the tens digit of l?
9
Let m = 17 - 13. Suppose 2*s = 3*s - m*s. Suppose 5*o + 3*g - 278 = s, 4*g - 13 + 203 = 3*o. What is the units digit of o?
8
What is the ten thousands digit of 13234 + (2 - (-8)/(-10))/(2/10)?
1
Suppose 14*z - 8 = 12*z, 5*p = -2*z + 53. Let h(f) = 5*f**2 + 4*f + 19. What is the hundreds digit of h(p)?
4
Let k be 6 - (-7)/(7/(-2)). Let b(x) = 79*x + 16. What is the tens digit of b(k)?
3
Suppose 0 = 10*o - 8*o - 14. Suppose 3*r = o*r - 648. Suppose 0*q = 2*q - r. What is the units digit of q?
1
Suppose -4*g = -35034 + 13018. What is the tens digit of g/18 + (-8)/(-36)?
0
Let d(x) = -16*x**3 - 6*x**2 - 17*x + 9. Let a be d(-5). Suppose -158*z = -150*z - a. What is the units digit of z?
3
Let y = -130 + 131. Let j be y/4 - 32859/(-36). Suppose -3*v - 4*s + j = 0, -4*s = v - 138 - 169. What is the hundreds digit of v?
3
Suppose -10 = 76*g - 77*g. Suppose -g*l + 16936 = 19*l. What is the hundreds digit of l?
5
Let u = 99 + -97. Suppose 0 = -u*t - 4*i + 1392, -8*t + 12*t - 2744 = 2*i. What is the hundreds digit of t?
6
Suppose -2*b - 7*s + 3*s = -34, 3*s = -3. Suppose 3*t = b - 10. Suppose -t*c = -281 - 91. What is the hundreds digit of c?
1
Let x(l) = 17*l**3 - 20*l**2 + 294*l - 29. What is the hundreds digit of x(14)?
8
What is the hundreds digit of 12213 + -6*3/9?
2
What is the units digit of ((-8328)/(-10) - 0)/(10186/(-330) - -31)?
6
Let a(h) = 38*h**2 + 3*h - 2. Let o be a(2). Let c = o + -45. What is the units digit of c?
1
Suppose -57*h - 1947 = -60*h. Suppose 9 = -3*n, 2*q - 7*n = -8*n + h. What is the hundreds digit of q?
3
Let s(b) be the second derivative of -b**4/12 + 7*b**3/3 - b**2 - 7*b. Let w be s(10). Let u = w - 25. What is the units digit of u?
3
Let i(o) = -4*o**2 + 21*o + 8. Let t be i(12). What is the units digit of (5 - t/(-16))*-20?
5
Suppose 5*v + 4 = o, -2*v - 32 = -2*o + 2*v. Suppose 2*n = -6*n + o. Suppose -t + 10 = n. What is the units digit of t?
7
Let g = 198 + 497. Suppose 4*w - 5*m = 1159, -3*w + m + 166 = -g. What is the hundreds digit of w?
2
What is the units digit of (13 - 297/(-2))*106?
9
Suppose -3*m + v = -20, 4*m - 4*v - 30 = 2*m. Suppose m*f + 13*b = 14*b + 1248, -5*f + 1258 = 4*b. What is the hundreds digit of f?
2
Let k = -293 + 554. Suppose 4*p - k = -3*n, -90 = -4*n - 5*p + 258. Let q = n - 28. What is the tens digit of q?
5
Suppose -14*l + 12*l = -114. Let q = -43 + l. What is the units digit of (0 - -3) + 103 + q?
0
Suppose -2*q + 10*q = -4096. What is the tens digit of 389 - (q/112 + (-4)/(-7))?
9
Suppose 61*g - 5*u + 5442 = 64*g, 0 = -4*u + 12. What is the thousands digit of g?
1
Suppose -15*o - 308 = -4*o. Let d(v) = -29*v - 72. What is the tens digit of d(o)?
4
Let r = 33 + -31. Suppose -r*p - 19 = 2*p + 5*j, -3*p - 2*j = 9. What is the tens digit of (2 - p - -42) + 1?
4
Let f(k) = -10*k - 811. Let s be f(0). Let a = -407 - s. What is the units digit of a?
4
Let x = -8200 - -14634. What is the units digit of x?
4
Suppose p - 17*p + 10*p = -45600. What is the tens digit of p?
0
Let w(u) = -u + 4198. What is the hundreds digit of w(-76)?
2
Let i(y) = y**2 - 5*y - 1. Let p be i(6). Suppose -4*h + 30 = -2*h + 4*q, 2*q + p = 3*h. Suppose h*m = 77 + 43. What is the units digit of m?
4
Let q(p) = -p**3 - 8*p**2 - 14*p - 4. Suppose 24 = -4*b - 2*m, -5*m = -0 + 20. Let n be q(b). What is the tens digit of 742/4 - ((-30)/n + -3)?
8
Let f = 100 - 251. Let z = 289 + f. Let d = z - -154. What is the tens digit of d?
9
Let i = 10478 - 6346. What is the thousands digit of i?
4
What is the tens digit of (948/10)/(42849/14260 - 3)?
9
Suppose 2*r - 3 = 3*a + 13, -3*r - a = -2. Suppose r*t = 9 + 17. Let c = t - 4. What is the units digit of c?
9
Let f = 10505 + -7589. What is the tens digit of f?
1
Let m(l) be the third derivative of 0 - 1/3*l**3 - 13/24*l**4 - 11*l**2 + 0*l. What is the units digit of m(-5)?
3
Let p(j) = 249*j - 16. Let s(f) = -248*f + 15. Let k(g) = -4*p(g) - 3*s(g). What is the hundreds digit of k(-2)?
5
Suppose -d + 41219 - 2732 = -2*f, 4*f = -d + 38505. What is the units digit of d?
3
Suppose 2*l = -5*w + 320 + 945, 0 = -3*l - 3*w + 1893. Suppose 0 = -0*y - 2*y + l. Suppose -5*b + y = -0*b. What is the units digit of b?
3
Let d be 891/36*-2*(-2)/(-1). Let q = 1085 + d. What is the units digit of q?
6
Let l be -20*(6/2)/(-3). Let a(k) = 2*k**2 + 15*k - 10. What is the tens digit of a(l)?
9
Suppose 0 = -3*w + 2*i + 7599 + 1448, -i = -5*w + 15083. What is the hundreds digit of w?
0
Suppose 4*g + 126 = 3*b + 60, 2*b = -2*g - 26. What is the hundreds digit of (-87 + g)/((-3)/16)?
5
Let x be (-2)/5 + (-392)/20. Let g = 24 + x. Suppose -2*o + 6 = 0, -g*s + 195 = o + 4*o. What is the units digit of s?
5
Let a = 9725 + -2303. What is the hundreds digit of a?
4
Suppose 372*n + 22910 = 377*n + 5*g, g = 5. What is the tens digit of n?
7
Suppose 0 = 3*p - 2*x - 23113, -3406 = -2*p + 5*x + 11988. What is the thousands digit of p?
7
Suppose 21*c + 140794 = 261432 + 278173. What is the ten thousands digit of c?
1
Suppose -m + 39*j = 35*j - 20979, 4*m - 5*j = 83949. What is the ten thousands digit of m?
2
Let x(h) = h - 14. Let r be x(-6). Let u(z) = -z**3 - 18*z**2 + 2*z + 90. What is the tens digit of u(r)?
5
Suppose -b - r = -4, b = -3*b - 5*r + 18. Let m(x) = -3*x + 19 + 0*x**3 + 0 - 3*x**3 + 2*x**3 + 10*x**b. What is the tens digit of m(9)?
7
Let t = -23 + 27. Suppose 2*w + 16 = 4*x, t*x - 20 = -w + 4*w. Suppose x*j + 0*f - 12 = 3*f, -4*j + 3*f = -18. What is the units digit of j?
3
Suppose 3*p - 13 - 2 = 0. Let n(a) = -68568 + 7*a**2 - 12*a + 68568. What is the units digit of n(p)?
5
Suppose 4*u + 3*n - 1805 = 1898, -n + 1853 = 2*u. What is the units digit of u?
8
Suppose -2*o - 19*k + 18*k = -26, -40 = -3*o - k. Suppose o*x - 21331 = -3453. What is the tens digit of x?
7
Suppose -3*b + 57 = m + 20, -4*m + 36 = 4*b. Suppose -b*t + 13780 - 3560 = 0. What is the units digit of t?
0
Let y be 1*3/(2 + 1). Let u(m) = 153*m**2 + 5*m - 4. Let a be u(y). Let r = -96 + a. What is the tens digit of r?
5
Suppose -8235 = -23*s + 70149. What is the hundreds digit of s?
4
Suppose 4*c = 3*v - 0*c - 29, 3*v - 3*c = 24. Suppose 2*w + 2*w + r = 4119, 0 = -v*w + 5*r + 3072. What is the thousands digit of w?
1
Suppose 4*n = 3*x + 7985, -3*n + 6*x + 5985 = 5*x. Suppose -j = j - n. What is the hundreds digit of j?
9
Let p(o) = 7*o**2 + 826*o - 75. What is the ten thousands digit of p(45)?
5
Let c = 124 - 122. Suppose c*w + 3*k = 12, -5*w + 4*k = -21 - 32. Suppose 0 = -w*l +